s 84 divide 572?
False
Is 1108 a multiple of 4?
True
Is 1340 a multiple of 10?
True
Does 21 divide 13930?
False
Is 735 a multiple of 21?
True
Is 7441 a multiple of 48?
False
Is 260 a factor of 169260?
True
Is 9 a factor of 30825?
True
Does 65 divide 4355?
True
Is 29 a factor of 29261?
True
Does 4 divide 224?
True
Is 825 a multiple of 25?
True
Is 622 a multiple of 20?
False
Is 10824 a multiple of 132?
True
Is 28890 a multiple of 107?
True
Is 396 a multiple of 12?
True
Is 6366 a multiple of 64?
False
Does 16 divide 480?
True
Is 3 a factor of 383?
False
Is 924 a multiple of 12?
True
Does 46 divide 20470?
True
Does 9 divide 628?
False
Is 47404 a multiple of 16?
False
Is 1288 a multiple of 28?
True
Does 78 divide 33228?
True
Is 38988 a multiple of 9?
True
Is 21078 a multiple of 9?
True
Does 8 divide 232?
True
Is 2 a factor of 505?
False
Is 77500 a multiple of 45?
False
Does 65 divide 2795?
True
Does 15 divide 2250?
True
Is 10344 a multiple of 14?
False
Is 174 a multiple of 22?
False
Does 14 divide 544?
False
Is 4516 a multiple of 4?
True
Does 23 divide 1242?
True
Is 43 a factor of 1197?
False
Is 9 a factor of 1463?
False
Is 768 a multiple of 14?
False
Does 13 divide 13985?
False
Is 4 a factor of 968?
True
Is 32759 a multiple of 29?
False
Does 13 divide 43368?
True
Does 37 divide 96?
False
Does 28 divide 392?
True
Is 4851 a multiple of 21?
True
Is 4753 a multiple of 97?
True
Is 6 a factor of 102?
True
Is 468 a multiple of 24?
False
Does 29 divide 522?
True
Does 31 divide 1798?
True
Is 1078 a multiple of 85?
False
Is 3946 a multiple of 18?
False
Is 1592 a multiple of 9?
False
Does 100 divide 9250?
False
Does 16 divide 11644?
False
Is 958 a multiple of 14?
False
Is 9 a factor of 18004?
False
Does 135 divide 4663?
False
Does 35 divide 630?
True
Is 15651 a multiple of 3?
True
Is 3 a factor of 3?
True
Is 1500 a multiple of 30?
True
Does 106 divide 1061?
False
Is 9 a factor of 468?
True
Is 19 a factor of 383?
False
Is 10 a factor of 51506?
False
Is 6860 a multiple of 10?
True
Is 144 a factor of 5904?
True
Does 137 divide 14893?
False
Is 69 a factor of 23115?
True
Does 14 divide 248?
False
Does 47 divide 241?
False
Is 69 a factor of 1257?
False
Is 7742 a multiple of 158?
True
Is 48 a factor of 1104?
True
Is 2 a factor of 178?
True
Does 7 divide 3123?
False
Is 9 a factor of 7112?
False
Is 7 a factor of 6585?
False
Is 15 a factor of 2985?
True
Does 62 divide 80?
False
Does 28 divide 5601?
False
Is 14 a factor of 376?
False
Is 3 a factor of 1446?
True
Does 22 divide 2404?
False
Is 72 a factor of 74664?
True
Does 52 divide 3239?
False
Does 8 divide 3365?
False
Does 6 divide 186?
True
Is 798 a multiple of 21?
True
Does 30 divide 1020?
True
Is 28 a factor of 250?
False
Is 20 a factor of 7240?
True
Does 9 divide 711?
True
Is 27 a factor of 2943?
True
Does 36 divide 41276?
False
Is 545 a multiple of 21?
False
Is 10 a factor of 32295?
False
Is 42729 a multiple of 40?
False
Is 40 a factor of 1080?
True
Does 9 divide 76977?
True
Does 14 divide 560?
True
Is 4088 a multiple of 25?
False
Does 3 divide 1666?
False
Is 19 a factor of 8778?
True
Is 19 a factor of 7163?
True
Is 64907 a multiple of 47?
True
Is 14 a factor of 102329?
False
Is 1519 a multiple of 64?
False
Is 15589 a multiple of 131?
True
Is 16 a factor of 5801?
False
Is 2520 a multiple of 72?
True
Is 29 a factor of 575?
False
Is 1314 a multiple of 10?
False
Is 367 a multiple of 19?
False
Is 627 a multiple of 19?
True
Is 26 a factor of 715?
False
Does 25 divide 1425?
True
Is 2642 a multiple of 47?
False
Is 14 a factor of 7686?
True
Is 17266 a multiple of 202?
False
Does 9 divide 444?
False
Does 6 divide 8520?
True
Is 18506 a multiple of 3?
False
Does 62 divide 551?
False
Is 14 a factor of 1855?
False
Is 10 a factor of 3087?
False
Does 13 divide 517?
False
Does 8 divide 2170?
False
Is 9 a factor of 8496?
True
Is 223 a factor of 95939?
False
Is 9 a factor of 5922?
True
Is 7 a factor of 364?
True
Is 204 a multiple of 24?
False
Is 51 a factor of 2040?
True
Is 3 a factor of 27?
True
Is 73 a factor of 2044?
True
Is 91 a factor of 3636?
False
Is 8 a factor of 442?
False
Is 1171 a multiple of 17?
False
Is 42959 a multiple of 104?
False
Does 360 divide 77400?
True
Is 4 a factor of 504?
True
Is 118 a multiple of 59?
True
Does 12 divide 1017?
False
Does 54 divide 626?
False
Does 3 divide 1001?
False
Is 22 a factor of 5808?
True
Is 104 a factor of 21632?
True
Is 8478 a multiple of 157?
True
Is 1181 a multiple of 14?
False
Is 20 a factor of 7460?
True
Does 9 divide 2916?
True
Is 195 a factor of 52650?
True
Does 14 divide 73936?
False
Does 18 divide 38874?
False
Is 10 a factor of 22?
False
Does 38 divide 2397?
False
Does 13 divide 10569?
True
Is 24 a factor of 27936?
True
Does 37 divide 777?
True
Is 171 a factor of 39672?
True
Is 3 a factor of 175?
False
Is 3638 a multiple of 17?
True
Does 9 divide 7424?
False
Is 32 a factor of 816?
False
Is 72 a factor of 249?
False
Does 59 divide 1652?
True
Does 17 divide 128?
False
Is 17130 a multiple of 5?
True
Is 1779 a multiple of 16?
False
Is 731 a multiple of 17?
True
Does 23 divide 4518?
False
Does 30 divide 3240?
True
Is 31440 a multiple of 30?
True
Is 6 a factor of 384?
True
Does 3 divide 4636?
False
Is 24 a factor of 2497?
False
Is 2850 a multiple of 95?
True
Is 240 a multiple of 31?
False
Is 10716 a multiple of 34?
False
Is 461 a multiple of 21?
False
Does 262 divide 48208?
True
Does 59 divide 1516?
False
Is 868 a multiple of 4?
True
Is 2952 a multiple of 27?
False
Is 1428 a multiple of 17?
True
Does 50 divide 1830?
False
Does 30 divide 1670?
False
Is 205 a factor of 36490?
True
Does 22 divide 9240?
True
Is 3161 a multiple of 79?
False
Does 12 divide 3660?
True
Is 209 a multiple of 19?
True
Is 12 a factor of 144?
True
Is 103 a factor of 64684?
True
Is 13 a factor of 2548?
True
Does 236 divide 46276?
False
Does 63 divide 2929?
False
Is 15 a factor of 12801?
False
Does 18 divide 1071?
False
Does 10 divide 55450?
True
Is 16 a factor of 13552?
True
Does 81 divide 6218?
False
Is 80 a factor of 4640?
True
Is 10656 a multiple of 37?
True
Does 2 divide 828?
True
Is 144 a multiple of 48?
True
Is 702 a multiple of 9?
True
Is 79264 a multiple of 240?
False
Does 17 divide 16424?
False
Is 280 a multiple of 7?
True
Is 6 a factor of 215?
False
Is 266 a multiple of 30?
False
Is 26 a factor of 1638?
True
Is 11 a factor of 29007?
True
Is 63 a factor of 13547?
False
Does 69 divide 1786?
False
Does 16 divide 1572?
False
Is 3456 a multiple of 9?
True
Does 3 divide 471?
True
Is 15 a factor of 1011?
False
Is 5796 a multiple of 14?
True
Is 146 a factor of 14746?
True
Does 11 divide 6006?
True
Does 23 divide 213?
False
Does 39 divide 1365?
True
Is 5512 a multiple of 26?
True
Is 50 a factor of 1300?
True
Is 6789 a multiple of 73?
True
Is 7 a factor of 658?
True
Is 24 a factor of 2400?
True
Is 223 a multiple of 10?
False
Is 747 a multiple of 11?
False
Is 6733 a multiple of 160?
False
Is 3 a factor of 42?
True
Is 16 a factor of 1281?
False
Is 99 a factor of 1215?
False
Is 460 a multiple of 46?
True
Does 38 divide 21391?
False
Is 2799 a multiple of 30?
False
Is 25 a factor of 450?
True
Does 10 divide 110?
True
Is 124 a factor of 14642?
False
Is 152 a multiple of 9?
False
Does 37 divide 55026?
False
Does 33 divide 11121?
True
Is 139 a factor of 6255?
True
Is 4 a factor of 863?
False
Is 1268 a multiple of 60?
False
Does 84 divide 12936?
True
Is 1160 a multiple of 20?
True
Does 63 divide 2457?
True
Is 120416 a multiple of 271?
False
Is 87 a factor of 3654?
True
Is 14 a factor of 58926?
True
Is 10 a factor of 22706?
False
Does 38 divide 2473?
False
Is 89 a factor of 5340?
True
Is 10404 a multiple of 18?
True
Does 185 divide 1110?
True
Is 221 a multiple of 13?
True
Is 315 a multiple of 7?
True
Is 79 a factor of 28203?
True
Is 3881 a multiple of 97?
False
Does 31 divide 248?
True
Is 405 a multiple of 27?
True
Does 12 divide 1104?
True
Does 129 divide 2107?
False
Is 28 a factor of 27160?
True
Is 79 a factor of 1930?
False
Is 62065 a multiple of 62?
False
Does 15 divide 69?
False
Is 12615 a multiple of 15?
True
Does 7 divide 42674?
False
Does 57 divide 16359?
True
Is 1595 a multiple of 11?
True
Does 189 divide 21324?
False
Does 23 divide 5427?
False
Is 4320 a multiple of 16?
True
Is 617 a multiple of 3?
False
I